. What are the prime factors of v(-7)?
17, 137
Suppose 0 = 5*v - l - 34510, -l = -2*v + 15171 - 1370. What are the prime factors of v?
3, 13, 59
Let j be (-6920)/(-14) - ((-22)/(-77))/1. Suppose 138*p + j = 140*p. List the prime factors of p.
13, 19
Let m(h) = 0*h + 5*h - 16 + 0*h. Let a be m(4). Suppose -5*q + 4*r + 375 = 0, 2*q + a*r - 23 = 127. List the prime factors of q.
3, 5
Let r(d) = 54*d**2 + 45*d - 478. What are the prime factors of r(13)?
7, 1319
Suppose 3*h = -4*l - 44, -3*h + 2*h - l = 15. Let u = 87 - h. List the prime factors of u.
103
Let x be (2454/14 - 1) + 4/(-14). Suppose 11*v + x - 1098 = 0. Suppose -2*h + 5*c = -44, -4*h - c + 4 = -v. What are the prime factors of h?
2, 11
Suppose 0*l - 4*l - 131201 = -3*q, 0 = q - 2*l - 43737. List the prime factors of q.
73, 599
Let x(g) = -g**3 - 24*g**2 - 3*g + 31. Suppose 3*p + 0*p = 0, -4*k + 324 = p. Let y = 57 - k. List the prime factors of x(y).
103
Let p(h) be the second derivative of -h**5/30 + 7*h**4/12 + 5*h**3/3 - h. Let j(x) be the second derivative of p(x). List the prime factors of j(0).
2, 7
Suppose -22*s = -20*s - 152. Let z = 6 - -24. Let c = s - z. What are the prime factors of c?
2, 23
Let n be 0 + 9/((-15)/(-5)). Suppose -n*a + 50 = -10. What are the prime factors of a?
2, 5
Let a(z) be the second derivative of -z**5/60 + 5*z**4/8 + z**3/2 - 5*z**2 + 5*z. Let x(r) be the first derivative of a(r). What are the prime factors of x(12)?
3, 13
Let i(s) = 292*s + 46852. List the prime factors of i(0).
2, 13, 17, 53
Let j = 206 + -134. Suppose j = 9*f - 0*f. Suppose 10*z + f*z - 54 = 0. List the prime factors of z.
3
Suppose 82520 = 13*r - 68462. What are the prime factors of r?
2, 5807
List the prime factors of (1937997/1396)/(-1 - 55/(-52)).
3, 13, 617
What are the prime factors of 0 + 1 + 1 + 84 + 45373?
3, 5051
Suppose 3*b = p + 10311, -3*p = 4*b - 2*b - 6863. What are the prime factors of b?
2, 859
Let g(d) = 3*d**2 - 7*d - 2. Let w be g(7). Let m = 155 - w. List the prime factors of m.
59
Suppose -21*g + 22256 + 17833 = 0. List the prime factors of g.
23, 83
Let v = -32 - -35. Suppose 5*a + 3*p = 13, -5*a + 2*p = -v*a - 2. Suppose 3*r = -a*b - 2 + 8, b = -4*r - 7. What are the prime factors of b?
3
Suppose 5921 = -11*u - 6168. Let j = u + 1946. What are the prime factors of j?
7, 11
Suppose 5144393 = 523*w - 60*w. List the prime factors of w.
41, 271
Let l = -55596 + 119013. List the prime factors of l.
3, 21139
Suppose 4*y + 231 = -3*a, 0 = -2*y + 5*a - 32 - 51. Let k = 173 - y. Suppose -3*p + 37 = -3*r - k, 0 = r + 4. What are the prime factors of p?
2, 3, 7
Let z(k) = 2278*k + 1331. What are the prime factors of z(3)?
5, 23, 71
Let p = -1979 + 2917. Let u = p + -119. List the prime factors of u.
3, 7, 13
Let y = 111 + -80. Let b(n) = n**3 - 34*n**2 + 100*n - 47. What are the prime factors of b(y)?
2, 5, 17
Let n(q) = 24*q**3 + 3*q**2 + 2*q - 9. Suppose 0*i - 5*y + 5 = 2*i, 4*i = 4*y + 24. Suppose i = 2*f + 1. List the prime factors of n(f).
199
Let l(p) = 42*p**2 + 47*p + 15. What are the prime factors of l(-9)?
2, 3, 499
Let i(p) = p**2 - 32 + 3*p**2 - 5*p - 3*p**2. Let x be i(9). Suppose x*l - o + 1515 = 9*l, 3*l - 5*o = 881. What are the prime factors of l?
2, 151
Let o be (8/6)/(((-50)/615)/5). Let t = o + 351. Let w = t - 127. List the prime factors of w.
2, 71
Suppose -x = -3*o - 6605, 10*o + 40 = -10*o. List the prime factors of x.
6599
Suppose 3*k - 12*l = -9*l + 80979, 5*k - 134977 = l. What are the prime factors of k?
2, 17, 397
Let w(q) = -129*q + 510. Let p be w(4). Suppose 448 = -0*m + 2*m - 4*x, -3*m = -4*x - 666. Let k = m - p. What are the prime factors of k?
2, 7
Suppose -4*x = p - 17, -x + 136 = 5*p + 2*x. Suppose p = 5*q - 1. Let r(w) = -2*w**2 + 11*w + 9. What are the prime factors of r(q)?
3
Let f = 39 - -18. Suppose f*y + 930 = 60*y. List the prime factors of y.
2, 5, 31
Suppose 5*u = 5*t + 50, 2*t + 3*u + 0*u = -15. Let q(a) = -30*a - 220. List the prime factors of q(t).
2, 5
Suppose 3*p + 58 = 4*h - 49, -3*h + 93 = 2*p. Let c = h + 303. List the prime factors of c.
2, 83
Let g be 55/(-77) + 104/28. Suppose -44*h + 49*h - y = 6327, h - 1257 = g*y. List the prime factors of h.
2, 3, 211
Let d be 104/(-36) - -3 - 356/(-36). Suppose 0 = d*v + 120 - 1080. List the prime factors of v.
2, 3
Let i = 86 + -111. List the prime factors of 5/i + 14128/40.
353
Suppose 3000310 = 137*h - 87*h + 147*h. List the prime factors of h.
2, 5, 1523
Let n = -1517 + 385. Let d = n + 1747. List the prime factors of d.
3, 5, 41
Suppose 491537 = 101*p - 3371814. What are the prime factors of p?
29, 1319
Suppose -25*q - 400602 = -878581 - 400621. What are the prime factors of q?
2, 23, 191
Suppose -4*v + 3*v = n - 1070, -3*v = 4*n - 3215. What are the prime factors of v?
3, 5, 71
Let b(q) = 502*q - 1331. List the prime factors of b(24).
7, 1531
Let t be (6 + -8)*(-3 - 0/(-4)). Suppose 5*u - 2*m = 2947, -t*u - 5*m - 1772 = -9*u. List the prime factors of u.
19, 31
Let b = -2711 + 4472. What are the prime factors of b?
3, 587
Let x = 14 - -30. Suppose 9*o + 10 = -x. What are the prime factors of (117/o)/(3/(-4))?
2, 13
Let a be -4 + (-15)/(-3) + 1. Suppose -2*h = d - 3, -h + 11 = -a*h - 3*d. Suppose n = h*s + 114, -249 = n - 3*n + s. What are the prime factors of n?
2, 3, 7
Suppose -372*s + 367*s + 25 = 0. Suppose 4*d - a - 1604 = 0, 0 = s*d - 10*d - a + 1996. List the prime factors of d.
2, 5
Let s be ((-4)/(-5))/((-30)/(-75)). List the prime factors of s*(8 - 6) - -27.
31
Let h(v) = 4*v**2 - 15*v + 227. What are the prime factors of h(-19)?
2, 3, 163
Suppose -4*u + 2459 - 655 = 0. Let a = u + -2. What are the prime factors of a?
449
Suppose 12*v - 14*v = -8. Let y be (-1 + v - -1) + 0. Suppose -283 = -4*m - m - y*q, -5*m = 5*q - 280. List the prime factors of m.
59
Suppose 0 = 14*t - 285229 - 44611 - 25732. List the prime factors of t.
2, 3, 17, 83
Let g = 9559 + -864. List the prime factors of g.
5, 37, 47
Suppose 1238*g - 718930 = 1221*g. List the prime factors of g.
2, 5, 4229
Suppose -1154*s + 1351*s - 8616780 = 0. List the prime factors of s.
2, 3, 5
Suppose 12496 = 94*g - 645406 - 774282. List the prime factors of g.
2, 13, 293
What are the prime factors of ((-3)/(-5) - (-551313)/45) + 30/6?
7, 17, 103
What are the prime factors of 5*(-1353006)/(-540) + (-5)/6?
12527
Let u(q) = q**3 + 16*q**2 + 22*q - 22. Let z be u(-11). Let v = z + -106. What are the prime factors of v?
5, 47
Let z(i) = 3 + 135*i + 64*i**2 + 18*i**2 - 136*i. What are the prime factors of z(2)?
7, 47
Let d = 8152 + -3933. List the prime factors of d.
4219
Let h = 276 + -244. List the prime factors of (-5)/((-25)/5)*h.
2
Suppose -10 = -5*v - 5*w, -7*w = -3*v - 3*w + 6. Let y(f) = -v*f**2 + 5 - 8*f**2 + 12*f**2. What are the prime factors of y(8)?
7, 19
Let o(c) = -32*c - 22. Let m be o(-24). Let s = -299 + m. What are the prime factors of s?
3, 149
List the prime factors of ((-1984)/12*-96)/((-182)/(-21) + -8).
2, 3, 31
Let c(a) = -a**2 - 160*a - 13. Let m be c(-31). Let h = m + -2206. List the prime factors of h.
2, 5, 89
Suppose -13*f = -f - 120. Let p be 3 - (f/5)/2. Suppose -p*x = 2*n - 394, 30 = -x + 5*n + 227. What are the prime factors of x?
197
Suppose 0 = 2*o + v - 13, 3 = -2*v + 1. Suppose -5*l + 5 = -5*i, 0 = -2*i + 1 - o. List the prime factors of (-92)/(-12) - l/6.
2
Let j = -87 + 136. Let q = j - 47. Suppose 3*i - q - 7 = 0, -4*i + 136 = 4*u. List the prime factors of u.
31
Let s(i) = 12*i + 130. Let a be s(-10). Let k(j) = 2*j**2 + 2*j - 6. What are the prime factors of k(a)?
2, 107
Suppose 4*f = 5*f + 4. List the prime factors of (f - -7)*757/3.
757
Let w = -36477 - -59949. What are the prime factors of w?
2, 3, 163
Let m(k) = -2*k**2 - 24*k + 9. Let g be m(-12). Let r be 4*1 - (13 - g). Suppose r = 4*x - 218 - 46. List the prime factors of x.
2, 3, 11
Let n be (7 + 8 + -16)*(1 - 14). Let g = 122 - n. List the prime factors of g.
109
Suppose 0 = -1621*z + 1619*z + 4*k + 130016, 2*z = 3*k + 130019. What are the prime factors of z?
2, 32507
Let a(p) = -p**3 - 7*p**2 + 2. Let r = -16 - -9. Let z be a(r). Suppose -7*y + 80 = -z*y. What are the prime factors of y?
2
Let r be 24/24 - 222/(-1). Let s = -161 + r. List the prime factors of s.
2, 31
Let z(g) = 22*g**2 - 19*g + 445. Wha